 g**3 - 9*g**2 - 11*g - 34. Suppose 13*j - 4*j - 99 = 0. What is the units digit of q(j)?
7
Let r(x) = -x + 11. Let g be (32/(-10))/(8/(-20)). Let f be r(g). Suppose -f*l + 0*b - 4*b + 148 = 0, -3*l = -3*b - 141. What is the tens digit of l?
4
Let j(b) = 4*b**2 + 2. Let x be j(-1). Let w(v) = -v**3 - 2*v**2 - v. Let i be w(-1). Suppose i = -c - x + 16. What is the tens digit of c?
1
Let g(i) = -2*i + 0*i + 4 - 5*i**2 + i**3 - 4*i. Let b be g(6). Suppose 6*j - 6 = b*j. What is the units digit of j?
3
Let i be (-85)/(-25) - (-9)/15. Suppose 4*o = 3*o - 3*d + 126, i*o - 504 = -5*d. Suppose 3*w + 15 = a - 14, 3*a = -4*w + o. What is the units digit of a?
8
Suppose -7*k + 8139 + 1255 = 0. What is the thousands digit of k?
1
Let c(k) = 9*k**2 + k - 11. What is the units digit of c(4)?
7
Suppose 3522 = 2*l - w, -27*l + 28*l - 1758 = -w. What is the tens digit of l?
6
Let p = -211 - -457. What is the units digit of p?
6
Let j = -237 + 396. Suppose i = 4*i - j. Suppose -i = -4*v + 31. What is the tens digit of v?
2
Let w(t) = 2*t - 8. Let x be w(0). Let c(u) = u**3 + 9*u**2 + 7*u - 5. Let o be c(x). Suppose 10 = h - o. What is the units digit of h?
3
Suppose 0 = -4*l - 5*q + 1063, -q - 396 = -3*l + 406. What is the tens digit of l?
6
Let s(g) = -147*g**3 - 2. What is the tens digit of s(-1)?
4
Let w be (-2 - -3)*-1 - 317 - -2. What is the units digit of ((-2)/4)/(317/w + 1)?
8
Suppose -q - 9 = -8. Let x(b) = -19*b + 2. What is the units digit of x(q)?
1
Let f(x) = -x**3 - 6*x**2 - x + 1. Let l be f(-6). Suppose 3*m + 2*m - 2*v = 13, 0 = -5*m - 3*v - 7. Let d = l - m. What is the units digit of d?
6
Let x = -167 + 531. What is the tens digit of x?
6
Suppose -2*j + 7*j + 5*c = 18390, -2*j - 4*c + 7346 = 0. What is the hundreds digit of j?
6
Let s = 3 + -16. Let j = -9 - s. Suppose -2*n + j*n - 12 = 0. What is the units digit of n?
6
What is the tens digit of 0/(-29) + (231 - 0) + -2?
2
Suppose -3*d + 1925 = g - 18, -g = -3*d + 1945. What is the tens digit of d?
4
Let n(v) = -v**2 - 14*v - 10. Let f be (1 + 1 + -3)*13. Let a be n(f). Suppose -b - 24 = -a*c, 0 = -c - 3*b + 26 - 8. What is the units digit of c?
9
Let s(m) = m**2 - 7*m - 3. Let u be s(10). Suppose d + u - 61 = 0. What is the tens digit of d?
3
Let b = 227 - -648. What is the units digit of b?
5
What is the tens digit of (-6)/(-4)*(-19 + 145)?
8
Suppose 4*y = 5*v - 15, 0 = 4*y - 4*v - 4 + 16. Suppose -2*i + 5*i = y. What is the tens digit of 4 + -3 - (i - 22)?
2
Let u(d) = -6*d + 5 - 2*d + 2*d - 2*d. What is the units digit of u(-12)?
1
Suppose 3*p - 5*p + 3*a = -35, 2*p - 60 = -2*a. Suppose p - 7 = 2*z. What is the units digit of z?
9
Let j(z) = -z**3 + 37*z**2 + 13*z - 191. What is the hundreds digit of j(37)?
2
Let q(l) = 3*l**3 - 10*l**2 - 14*l - 3. Let a(w) = -4*w**3 + 9*w**2 + 14*w + 4. Let d(o) = -2*a(o) - 3*q(o). Let v = -79 - -92. What is the tens digit of d(v)?
1
Let y = -49 + 43. What is the units digit of y/33 + (-2076)/(-44)?
7
What is the tens digit of ((-56)/(-12))/((-2)/(-240))?
6
Let f(d) be the second derivative of -7*d**4/24 - d**3/2 - 3*d**2/2 - 6*d. Let t(r) be the first derivative of f(r). What is the units digit of t(-2)?
1
Suppose -4*y + 4*z = 16, y + y = 5*z + 7. Let t = 11 - y. What is the units digit of 381/15 + (-8)/t?
5
Let k(p) = p**2 + 9. Let d be k(-7). Suppose -3*g + 131 = -d. Suppose 3*n - g = -0*n. What is the units digit of n?
1
Suppose 15 - 35 = -4*p. Suppose -7*n - h + 178 = -2*n, -5*n = p*h - 190. What is the tens digit of n?
3
Let j(f) = -f - 16. Let s be j(-10). Let n(t) = -5*t - 13. What is the units digit of n(s)?
7
Suppose 16*b + 430 = 18*b. Let p = -52 + b. What is the hundreds digit of p?
1
Let h(v) = -7*v + 20. Let m be h(-10). Let l be 2372/(-18) + (-20)/m. Let t = 191 + l. What is the units digit of t?
9
Suppose -3*z + 72 = z. Suppose -z*x = -22*x + 72. What is the tens digit of x?
1
Suppose 0 = 3*c - 4*o - 106, -2*c - 2*c + o + 124 = 0. Suppose c*l = 34*l - 16. What is the units digit of l?
4
Suppose 8*k = 11*k - 126. Let a = 11 - 7. Suppose a*x - k - 54 = 0. What is the units digit of x?
4
Let q = 68 + -50. Suppose -2*g - o = 5 - 19, -q = -2*g - 2*o. What is the units digit of g?
5
Suppose 0 = -2*k + 21 - 15. Suppose -4*a - 5*z + 553 = 0, 0*a + 3*z = k*a - 381. What is the hundreds digit of a?
1
Let n(m) = m**3 - 4*m**2 - 5*m + 2. Let c be n(4). Suppose -3*k = -1 + 10, -4*b = -3*k - 173. Let p = b + c. What is the tens digit of p?
2
Suppose -4*z + 3*b + b + 9324 = 0, 2*z + b - 4662 = 0. What is the hundreds digit of z?
3
Suppose 0*p = 3*p - 522. What is the hundreds digit of -4 + -1 + p - (-2 + -1)?
1
Let j be (5/(-10))/((-4)/(-664)). Let v = j + 228. What is the units digit of v?
5
Suppose -3*f + 227 = -109. Let x = f - 93. What is the tens digit of x?
1
Suppose -3*j = -2*f - 0*f - 14, -2*j = -5*f - 13. Suppose 3*d = j*v - 3*v + 7, 0 = d + 5*v + 3. What is the tens digit of ((-80)/(-56))/(d/14)?
1
What is the thousands digit of (8 + 0 + -1848)*-1?
1
Let d(j) = 2*j**2 + 3*j + 3. Let x be d(-2). Let f = x + -10. What is the units digit of (8/f)/(2/(-20))?
6
Let d(c) = 4*c**2 - 18*c - 1. Let l(u) = 3*u**2 - 17*u - 2. Let k(o) = -4*d(o) + 5*l(o). What is the tens digit of k(-5)?
3
Let l = 18 + -37. Let v(j) = -47*j - 10. Let f be v(-1). Let u = l + f. What is the units digit of u?
8
Let q(n) = 16*n**2. Let b be q(1). Suppose 49 = -5*o - b. Let m(c) = -c**3 - 13*c**2 - c + 17. What is the tens digit of m(o)?
3
Let p(v) = 490*v**2 + 31*v + 57. What is the thousands digit of p(-2)?
1
Let w(i) = 5*i**2 + 7*i + 4. Let o(z) = 5*z**2 + 8*z + 4. Let p(v) = -2*o(v) + 3*w(v). What is the units digit of p(-2)?
4
Suppose 11 = -u - 5*a, -2*u - a + 1 + 4 = 0. Suppose 0 = u*o - 111 - 209. What is the tens digit of o?
8
Let r(v) = -2*v**3 + 30*v**2 + 11*v - 34. What is the hundreds digit of r(14)?
5
Let o = -4503 + 7222. What is the thousands digit of o?
2
Suppose -22 = -5*w - 7. Suppose 6*r = 3*r + 6. Let h = r + w. What is the units digit of h?
5
Suppose -8*r - 2238 + 13854 = 0. What is the hundreds digit of r?
4
Let u = -43 + 66. Let x = 5 + u. Suppose -14*o + x = -13*o. What is the units digit of o?
8
Let y be 39/12 - (-1)/(-4) - -599. Suppose -11*l + 828 = -y. What is the hundreds digit of l?
1
Let l be (2 + 16/(-3))*27/(-18). Suppose 0*g + 135 = l*g. What is the tens digit of g?
2
Suppose 5*r + 4 = -3*y, -3*r - 2 = 4. Let o(j) = 2*j + 3. Let f be o(-2). What is the units digit of (y/1)/((-2)/f)?
1
Let a = 213 + 124. What is the units digit of a?
7
Let x = -8 + 15. Let d(v) = -7*v - 8 + 6 - x. What is the units digit of d(-6)?
3
Suppose 0 = -14*b + 16*b - 320. What is the units digit of b + (-2 - 0) - -3?
1
Let i = -109 - -926. What is the units digit of i?
7
Suppose 4*r - 28 = 8*r. Let b(u) = 2*u + 17. What is the units digit of b(r)?
3
Suppose -803*g + 809*g - 6372 = 0. What is the tens digit of g?
6
What is the tens digit of (-322)/(9/((-189)/14))?
8
Suppose o + 2*m = 28, m + m = 3*o - 52. Let b = o + -15. Suppose -4*y + 4*z + 52 = -184, -3*z = -b*y + 305. What is the tens digit of y?
6
Let n(f) = -f**2 + 12*f + 29. Let r = -4 - -17. What is the tens digit of n(r)?
1
Let r = 23 - 46. Let u = -33 - r. Let c(f) = -5*f - 12. What is the tens digit of c(u)?
3
Let x = 412 - -113. What is the hundreds digit of x?
5
Suppose 5*z = 565 + 335. What is the tens digit of z?
8
What is the tens digit of ((-2)/(-5))/((-1)/(-1480))?
9
Let i be 505/5 + (-12)/(-3). Suppose 1275 - i = 5*x. What is the units digit of x?
4
Let f = -70 + 55. What is the tens digit of (54/f)/((-10)/175)?
6
Suppose -3*o + 6*o = 39. Suppose -3*t + 2 = 14. Let n = t + o. What is the units digit of n?
9
Let p = 2705 - 1722. What is the units digit of p?
3
Let a(d) = -2*d - 19. Let o be a(-11). Suppose o*h = q + 2*q + 123, 0 = h + q - 33. What is the units digit of h?
7
Suppose 4*l - 12 = 0, 0 = -0*w - 2*w + 2*l. Suppose 0 = -0*h + w*h - 96. What is the units digit of h?
2
Let y(j) = 4 + 5 + 1 - 8 + j**2 - j. Let l(w) = -2*w + 6. Let m be l(0). What is the tens digit of y(m)?
3
Suppose 9*w - 15360 = 4*w - q, 5*w - 15360 = -4*q. What is the units digit of w?
2
Suppose -18*u = -28*u + 1120. What is the hundreds digit of u?
1
Let h(v) = -v**2 - 3*v + 14. Let g be h(-5). Suppose -2*s = -g*s. Supp